 6. Is i(-5) a prime number?
False
Let a = 461317 - 257768. Is a a prime number?
True
Suppose -a + 19 = -3*n, 5*a - 40 = 2*n + 2*n. Let g = a - 0. Let d(l) = 29*l**2 - 3*l - 3. Is d(g) a composite number?
False
Suppose 206 = -9*d + 242. Suppose -3*z - 5984 = -d*r, -8*r + 6*r - z + 3002 = 0. Is r prime?
True
Suppose 4*d - 34061 = -4*j + 2712263, -2*d - 5*j + 1373168 = 0. Is d a composite number?
True
Let s = -39 - -32. Let p be 1 + -885 - s/49*-7. Let z = -438 - p. Is z prime?
False
Let r = 242 + -233. Suppose -r*x + 8*x + 5663 = 0. Is x a prime number?
False
Let a = 7 + -5. Let f(i) = -i**3 + 21*i**2 - 9*i + 26. Let k be f(10). Suppose 0 = 6*z - a*z - k. Is z composite?
True
Let p = -12 + -8. Let z be 1/(p/(-9025)) - 1/4. Let b = 2502 - z. Is b a prime number?
False
Suppose -2*h + g = -4*h + 12, h - 2*g = 1. Suppose -5*d + 28554 = h*f - d, -5*f + 28574 = -d. Is f a composite number?
True
Let y(i) be the first derivative of 417*i**2 - 349*i - 1. Is y(20) a prime number?
False
Let a(c) = -c**2 + 35*c - 164. Let s be a(29). Suppose -s - 6 = 4*k, 2*r - 14950 = -3*k. Is r composite?
False
Suppose 4 = 16*b - 18*b. Is ((-25767)/49 + (-2)/14)/b composite?
False
Let i(p) be the first derivative of 203*p**2 - 144*p + 63. Is i(11) prime?
False
Suppose 0 = -3*o + 4*l + 24, 6 - 30 = -3*o - l. Let v be (-562)/o - (-15)/(-20). Let i = v - -262. Is i a prime number?
True
Suppose -3*k + 6*k - 5*l = -4, 0 = -3*k + 4*l + 1. Let d be k + (0 + -2 - -1). Suppose -d*f = -f - 5555. Is f composite?
True
Suppose -3*v + 5*v + 5*c = -11, -4*v - 5*c - 7 = 0. Suppose -v*r + 3*u + 5635 = 2*r, -5*r = u - 7020. Is r prime?
False
Let d be (-8)/(-6)*(1 + 2). Let o = -689 + 691. Suppose 1079 = 2*m - d*a - a, -o*m + a = -1059. Is m composite?
True
Suppose 136*k = 153*k - 812209. Is k prime?
True
Let i be (1 - 6) + (34 - 8 - -2). Suppose -i*j = -31*j + 4952. Is j a prime number?
True
Let k(a) = 70*a + 15. Let l(m) = m**2 - 7*m - 13. Let h be l(-3). Is k(h) a composite number?
True
Let x(d) = 4*d**3 + 78*d**2 + 6*d - 1. Is x(56) prime?
True
Let n = -4613998 + 6476565. Is n a prime number?
False
Let c(d) = 2*d - 5. Let i be c(5). Let y(w) = 3*w**2 - 11*w - 6. Let z be y(i). Let l = z - -97. Is l a composite number?
True
Suppose -o + 13*f + 28112 = 0, -18*f = -4*o - 16*f + 112198. Is o prime?
False
Suppose -2*o - 15*a = -19*a - 112584, 3*o - 2*a = 168896. Is o a prime number?
False
Let w(k) = 6*k + 71. Let c be w(-12). Let l(q) = -766*q + 3. Is l(c) prime?
True
Suppose -2*j + 1749 - 4925 = 0. Let l = j - -5646. Let w = l + -2711. Is w a prime number?
False
Let z(m) = 2*m**2 + 16*m - 14. Let w(c) = -c**2 - 15*c + 13. Let q(k) = -6*w(k) - 5*z(k). Let y be q(11). Let h = 2435 + y. Is h composite?
False
Let l be 2444/6 - ((-4)/6 + 0). Suppose -5*y - 2*h - 3*h = 720, -3*y - l = -3*h. Let s = -61 - y. Is s a prime number?
True
Let f(u) = 105*u + 2. Let a be f(1). Suppose l + 559 = 5*q, 6*q = 5*q - l + a. Is q prime?
False
Let f(u) = -u**3 - 4*u**2 + 23*u + 20. Suppose 3*b = -2 - 25. Is f(b) a composite number?
True
Suppose 5 = -2*n - 5*s, 1 = 3*n - s - 0*s. Is 4 + n - 11/(55/(-36345)) a composite number?
True
Suppose -4*u + 120 = -3*s, s - 3*s - 3*u - 80 = 0. Is s/(-24) + (-5816)/(-6) a prime number?
True
Let d(i) be the third derivative of 29*i**8/4032 + i**7/1680 + i**6/720 - i**5/60 - i**3/2 + 34*i**2. Let m(p) be the third derivative of d(p). Is m(5) prime?
False
Let o = 54 - 57. Let h(l) = -66*l**2 + 7*l + 1. Let y be h(o). Is (-50)/(-20)*y/(-15)*3 prime?
True
Let j(t) = 6*t - 2. Let s be j(1). Let b be 3/2 + 6/s. Suppose -1404 = -5*c - b*v + 70, 4*v = 12. Is c composite?
False
Suppose 0 = 4*a + 12, 0 = -0*c + 2*c - a + 1. Let t be 0*((4 - 2)/2 + c). Suppose 31*y - 26*y - 1345 = t. Is y prime?
True
Let h(y) = -300*y + 6523. Is h(-60) a composite number?
True
Let y(x) = -x**2 + 12*x - 6. Let s be y(12). Is s - (-10)/(-8)*205772/(-7) prime?
True
Let y(q) = 195*q - 261. Let o(s) = 192*s - 259. Let h(l) = -2*o(l) + 3*y(l). Is h(12) a prime number?
False
Suppose 0 = -6*b + 9 + 9. Suppose -a + 23 = 4*f, 5*a + f - 5 = b*f. Suppose 0 = 3*j - a*n - 165 - 1194, j - 457 = 3*n. Is j prime?
False
Suppose 7*n - 405771 = -5*j, 2*j + 2*n + 324632 = 6*j. Is j a composite number?
False
Suppose -2*b + 2*p + 1333 = -p, -1993 = -3*b - 2*p. Suppose -h + 2237 = -b. Let w = h + -1931. Is w a composite number?
False
Suppose 0 = 3*q + 5*i + 1975, 5*q - 8*i = -4*i - 3267. Let h = -1512 - q. Let m = h - -1758. Is m composite?
True
Suppose -79*q - 625 + 625 = 0. Let s be (278 - 0)*(7 + 0). Suppose -5*o = 5, -5*v + o = -q*v - s. Is v prime?
True
Let b(o) be the second derivative of 205*o**4/12 + o**3/2 - o**2/2 - 3*o. Let t = 662 + -665. Is b(t) composite?
True
Suppose 0 = 2*s - 4 + 26. Let l be ((-15)/6)/(s/22). Suppose -20 = l*a, -4*a = -0*q - 4*q + 1596. Is q a prime number?
False
Let m be (-3 - (-2 + -1))/(-2). Suppose m = 9*f - 3*f - 10494. Let r = f + -284. Is r prime?
False
Let o = -38949 - -90916. Is o composite?
True
Let i(k) = 769*k**3 + 25*k**2 - k - 2. Is i(5) a composite number?
True
Suppose -5*b = -4*c + 471, -3*b = -2*c - b + 234. Let s = 638 + -139. Let q = c + s. Is q a composite number?
False
Let g be (-6)/(-8)*132/9. Let q(j) be the third derivative of 59*j**4/4 - 49*j**3/6 - 14*j**2. Is q(g) prime?
False
Suppose 294*h + 6836055 = 329*h - 4150760. Is h a composite number?
False
Is (89/(-2))/((-6)/4476) a composite number?
True
Suppose 23*r - 9115 - 1189 = 0. Let l(j) = -84*j**3 - j**2 - 2*j + 2. Let t be l(2). Let w = r - t. Is w prime?
False
Suppose -8*g + 127 = -217. Suppose -g*l - 18023 = -80674. Is l a prime number?
False
Let f(i) = 8*i**3 - 7*i**2 - 11*i - 4. Let l be f(-4). Let y = 799 + l. Is y a composite number?
True
Is 9*(-16)/528 + 13620396/33 composite?
False
Let s = 4847 - 2043. Suppose f + 2 = 0, -4*u + 3*f - s = -9846. Is u a composite number?
False
Suppose 2*s + 2*s + 16 = 0, -5*f + 11097 = -3*s. Suppose -2*l + l + f = 0. Is (-5)/15 + (l/9 - -1) prime?
False
Let o(f) = -3706*f - 383. Is o(-22) prime?
False
Let v be 7 + -8*2/4. Suppose 0 = -3*y + 40784 - 13601. Suppose 3626 = 2*j - 2*i, 0*j + y = 5*j - v*i. Is j a composite number?
False
Let k(c) = -5051*c - 78. Let h(d) = -d**2 - 22*d + 41. Let t be h(-24). Is k(t) a prime number?
True
Let p(r) = 22109*r**2 - 85*r + 79. Is p(-7) composite?
True
Let a(z) = z**3 - 16*z**2 + 4*z - 15. Let s be a(16). Let g = 54 - s. Suppose 0 = w - g*w + 4308. Is w prime?
False
Suppose -5495 - 7531 = 39*v. Let z = 625 + v. Is z a composite number?
True
Suppose 0 = -2*x - 3*d + 10890 + 61018, -5*x + 179765 = 5*d. Suppose -27*y + 15268 = -x. Is y composite?
True
Let c(w) = -2*w**3 - 10*w**2 - 5*w + 6. Let g be c(-8). Let m = g + 18. Suppose -z - 2*t + 1332 = m, -3*t - 1747 = -2*z. Is z prime?
False
Suppose y - 85854 = -5*a + 19746, 3*y = 3*a - 63378. Is a a prime number?
True
Let z(s) be the second derivative of 122*s**3/3 + 29*s**2/2 - 17*s. Is z(5) composite?
False
Let v = 81 - 81. Suppose v = 16*l - 2*l - 195230. Is l a composite number?
True
Suppose 16*w = 10388 + 4812. Let j = 111 + w. Is j prime?
True
Suppose -2*p - 21 + 31 = 0. Let c = 2 + -2. Suppose p*y - 976 - 1714 = c. Is y a composite number?
True
Is (-13898)/(-1)*(188/(-1316))/((-2)/35) prime?
False
Let j(g) = 9338*g + 669. Is j(6) prime?
False
Let g(k) = -760*k + 22. Let q be g(-11). Suppose -5*d - q = 6*d. Let s = d - -1393. Is s a prime number?
True
Suppose -5*n - 9 + 76 = -3*o, 3*n + 27 = -3*o. Is (1/(-3))/(-1*o/(-209454)) a prime number?
True
Suppose -24627690 = -689*b + 644*b. Is b prime?
False
Let n(o) = 14319*o**2 + 175*o + 817. Is n(-5) a prime number?
False
Suppose 0 = 143*q + 125*q - 187552028. Is q a composite number?
True
Suppose 0 = 3*n + 2*u + 25, -2*n + 6*n = 4*u - 60. Let k(a) = -6*a - 62. Let b be k(n). Suppose 0 = -5*t + b*t + 1397. Is t prime?
False
Let c(r) = -6*r**3 - 10*r**2 - 151*r + 313. Is c(-48) prime?
True
Let i(n) = -n**3 - 163*n**2 - 508*n - 471. Is i(-160) a composite number?
True
Suppose -48*u - 4*l + 26 = -47*u, -4*l - 10 = -u. Suppose -u*o - o + 38342 = 0. Is o a composite number?
True
Suppose -15*g + 10 + 410 = 0. Suppose -g*u + 7*u + 33999 = 0. Is u a composite number?
False
Let p be ((-3)/5)/((-11)/(6 + 49)). Suppose 0 = 2*b + l - 2113, -p*b - 3*l